{"id":133,"date":"2021-09-04T15:42:21","date_gmt":"2021-09-04T13:42:21","guid":{"rendered":"http:\/\/psychomotricienne-samatan.fr\/?page_id=133"},"modified":"2025-10-19T16:01:44","modified_gmt":"2025-10-19T14:01:44","slug":"accueil","status":"publish","type":"page","link":"https:\/\/psychomotricienne-samatan.fr\/","title":{"rendered":"Accueil"},"content":{"rendered":"\n<h4 class=\"wp-block-heading has-text-align-center has-medium-font-size\" style=\"font-style:normal;font-weight:100\"><mark style=\"background-color:rgba(0, 0, 0, 0)\" class=\"has-inline-color has-light-green-cyan-color\">Cabinet de Psychomotricit\u00e9 \u00e0 Samatan<\/mark><\/h4>\n\n\n\n<div class=\"alignnormal\"><div id=\"metaslider-id-246\" style=\"width: 100%;\" class=\"ml-slider-3-23-0 metaslider metaslider-nivo metaslider-246 ml-slider ms-theme-nivo-dark has-dots-nav\">\n    <div id=\"metaslider_container_246\">\n        <div class='slider-wrapper theme-default'><div class='ribbon'><\/div><div id='metaslider_246' class='nivoSlider'><img loading=\"lazy\" decoding=\"async\" src=\"https:\/\/psychomotricienne-samatan.fr\/wp-content\/uploads\/2021\/09\/autisme-1920x768.jpg\" height=\"1200\" width=\"3000\" title=\"autisme\" alt=\"\" class=\"slider-246 slide-352\" \/><img loading=\"lazy\" decoding=\"async\" src=\"https:\/\/psychomotricienne-samatan.fr\/wp-content\/uploads\/2021\/09\/kid-2605810_1920-1-1920x768.jpg\" height=\"1200\" width=\"3000\" title=\"kid-2605810_1920-1\" alt=\"\" class=\"slider-246 slide-248\" \/><img loading=\"lazy\" decoding=\"async\" src=\"https:\/\/psychomotricienne-samatan.fr\/wp-content\/uploads\/2021\/09\/cropped-play-1678110_1920-1-2000x800.jpg\" height=\"1200\" width=\"3000\" title=\"cropped-play-1678110_1920-1.jpg\" alt=\"\" class=\"slider-246 slide-390\" \/><img loading=\"lazy\" decoding=\"async\" src=\"https:\/\/psychomotricienne-samatan.fr\/wp-content\/uploads\/2025\/10\/child-4818426_1280-1280x512.jpg\" height=\"1200\" width=\"3000\" title=\"child-4818426_1280\" alt=\"\" class=\"slider-246 slide-393\" \/><img loading=\"lazy\" decoding=\"async\" src=\"https:\/\/psychomotricienne-samatan.fr\/wp-content\/uploads\/2025\/10\/christmas-background-1864718_1280-1280x512.jpg\" height=\"1200\" width=\"3000\" title=\"christmas-background-1864718_1280\" alt=\"\" class=\"slider-246 slide-394\" \/><img loading=\"lazy\" decoding=\"async\" src=\"https:\/\/psychomotricienne-samatan.fr\/wp-content\/uploads\/2025\/10\/family-8358014_1280-1280x512.jpg\" height=\"1200\" width=\"3000\" title=\"family-8358014_1280\" alt=\"\" class=\"slider-246 slide-396\" \/><\/div><\/div>\n        \n    <\/div>\n<\/div><\/div>\n\n\n\n<p><\/p>\n\n\n\n<p class=\"has-text-align-center has-black-color has-text-color\" style=\"font-size:18px\"><strong>Bienvenue dans mon cabinet de psychomotricit\u00e9 au sein de la Maison de Sant\u00e9 de Samatan.<\/strong><\/p>\n\n\n\n<p class=\"has-text-align-center\"> Je vous accueille sur RDV. N&rsquo;h\u00e9sitez pas \u00e0 me contacter pour plus d&rsquo;informations.<\/p>\n\n\n\n<p class=\"has-text-align-center\"><\/p>\n","protected":false},"excerpt":{"rendered":"<p>Cabinet de Psychomotricit\u00e9 \u00e0 Samatan Bienvenue dans mon cabinet de psychomotricit\u00e9 au sein de la Maison de Sant\u00e9 de Samatan. Je vous accueille sur RDV. N&rsquo;h\u00e9sitez pas \u00e0 me contacter pour plus d&rsquo;informations.<\/p>\n","protected":false},"author":1,"featured_media":0,"parent":0,"menu_order":0,"comment_status":"closed","ping_status":"closed","template":"","meta":{"footnotes":""},"class_list":["post-133","page","type-page","status-publish","hentry"],"_links":{"self":[{"href":"https:\/\/psychomotricienne-samatan.fr\/index.php\/wp-json\/wp\/v2\/pages\/133","targetHints":{"allow":["GET"]}}],"collection":[{"href":"https:\/\/psychomotricienne-samatan.fr\/index.php\/wp-json\/wp\/v2\/pages"}],"about":[{"href":"https:\/\/psychomotricienne-samatan.fr\/index.php\/wp-json\/wp\/v2\/types\/page"}],"author":[{"embeddable":true,"href":"https:\/\/psychomotricienne-samatan.fr\/index.php\/wp-json\/wp\/v2\/users\/1"}],"replies":[{"embeddable":true,"href":"https:\/\/psychomotricienne-samatan.fr\/index.php\/wp-json\/wp\/v2\/comments?post=133"}],"version-history":[{"count":27,"href":"https:\/\/psychomotricienne-samatan.fr\/index.php\/wp-json\/wp\/v2\/pages\/133\/revisions"}],"predecessor-version":[{"id":403,"href":"https:\/\/psychomotricienne-samatan.fr\/index.php\/wp-json\/wp\/v2\/pages\/133\/revisions\/403"}],"wp:attachment":[{"href":"https:\/\/psychomotricienne-samatan.fr\/index.php\/wp-json\/wp\/v2\/media?parent=133"}],"curies":[{"name":"wp","href":"https:\/\/api.w.org\/{rel}","templated":true}]}}